 by 125536.
540
Calculate the remainder when 8570327 is divided by 4842.
4829
What is the remainder when 88248 is divided by 834?
678
Calculate the remainder when 10376428 is divided by 3533.
7
What is the remainder when 28665148 is divided by 3?
1
What is the remainder when 145602584 is divided by 166?
0
Calculate the remainder when 19687 is divided by 79.
16
What is the remainder when 178826 is divided by 1769?
157
Calculate the remainder when 5422823 is divided by 63.
35
What is the remainder when 1184891 is divided by 18229?
6
What is the remainder when 2011 is divided by 1352?
659
Calculate the remainder when 1223409 is divided by 27185.
84
What is the remainder when 587617 is divided by 3583?
5
Calculate the remainder when 3518750 is divided by 60668.
6
What is the remainder when 37834661 is divided by 98?
95
What is the remainder when 3454994 is divided by 27?
20
What is the remainder when 690700 is divided by 230217?
49
What is the remainder when 135785 is divided by 13569?
95
What is the remainder when 94438856 is divided by 91?
57
What is the remainder when 24502 is divided by 847?
786
Calculate the remainder when 355693852 is divided by 952.
948
Calculate the remainder when 502613979 is divided by 606.
3
Calculate the remainder when 656031 is divided by 23.
2
Calculate the remainder when 94481 is divided by 588.
401
Calculate the remainder when 1076248 is divided by 538115.
18
Calculate the remainder when 2276868 is divided by 802.
792
Calculate the remainder when 8675701 is divided by 42.
13
Calculate the remainder when 4468093 is divided by 248202.
457
What is the remainder when 9308548 is divided by 145?
128
What is the remainder when 1016063 is divided by 4791?
371
What is the remainder when 1450418 is divided by 483175?
893
Calculate the remainder when 5837910 is divided by 1705.
1695
What is the remainder when 1421137 is divided by 109?
104
What is the remainder when 9186898 is divided by 150?
148
What is the remainder when 1244989 is divided by 150?
139
Calculate the remainder when 19419725 is divided by 467.
464
Calculate the remainder when 1395208 is divided by 73432.
0
What is the remainder when 285282 is divided by 103?
75
What is the remainder when 1474200351 is divided by 694?
693
What is the remainder when 15481332 is divided by 301?
300
Calculate the remainder when 436907 is divided by 87354.
137
What is the remainder when 151248597 is divided by 30?
27
Calculate the remainder when 5779776 is divided by 275226.
30
Calculate the remainder when 314043222 is divided by 75.
72
What is the remainder when 38888213 is divided by 17?
16
What is the remainder when 2163300 is divided by 321?
81
Calculate the remainder when 1223590 is divided by 12.
10
What is the remainder when 14634300 is divided by 1565?
1550
What is the remainder when 96272 is divided by 1655?
282
What is the remainder when 489537 is divided by 2450?
1987
What is the remainder when 2855811 is divided by 2175?
36
Calculate the remainder when 9299 is divided by 1210.
829
Calculate the remainder when 36587647 is divided by 4573440.
127
Calculate the remainder when 1329564 is divided by 15131.
13167
What is the remainder when 74203 is divided by 497?
150
Calculate the remainder when 5875086 is divided by 1958359.
9
Calculate the remainder when 7650975 is divided by 956360.
95
Calculate the remainder when 62572322 is divided by 430.
12
What is the remainder when 688117 is divided by 924?
661
What is the remainder when 271731 is divided by 1241?
1193
What is the remainder when 3556670286 is divided by 3856?
3854
Calculate the remainder when 10791272 is divided by 634780.
12
What is the remainder when 2526490 is divided by 315733?
626
What is the remainder when 1265497 is divided by 11299?
9
What is the remainder when 1642941 is divided by 69?
51
What is the remainder when 2166654 is divided by 144402?
624
Calculate the remainder when 124333936 is divided by 142.
14
What is the remainder when 6322418 is divided by 1333?
1332
Calculate the remainder when 2639585 is divided by 1723.
1672
Calculate the remainder when 31728 is divided by 15413.
902
Calculate the remainder when 9837832 is divided by 3511.
10
What is the remainder when 531749 is divided by 25317?
92
What is the remainder when 267173 is divided by 53416?
93
Calculate the remainder when 843090342 is divided by 76.
74
Calculate the remainder when 462298 is divided by 2635.
1173
Calculate the remainder when 458907 is divided by 4830.
57
What is the remainder when 111387 is divided by 395?
392
Calculate the remainder when 67682 is divided by 67233.
449
Calculate the remainder when 2959028 is divided by 986341.
5
Calculate the remainder when 391552 is divided by 437.
0
Calculate the remainder when 377467 is divided by 7123.
7071
What is the remainder when 85556 is divided by 12?
8
Calculate the remainder when 11751785 is divided by 188.
93
Calculate the remainder when 39259 is divided by 19204.
851
What is the remainder when 807942 is divided by 191?
12
What is the remainder when 2310201 is divided by 4875?
4326
Calculate the remainder when 16760674 is divided by 4.
2
Calculate the remainder when 397814 is divided by 56819.
81
Calculate the remainder when 2654650 is divided by 429.
427
What is the remainder when 958172 is divided by 2083?
2075
Calculate the remainder when 304921 is divided by 151611.
1699
Calculate the remainder when 105366 is divided by 288.
246
What is the remainder when 15047999 is divided by 3135?
3134
What is the remainder when 167411 is divided by 11064?
1451
What is the remainder when 1029196 is divided by 171503?
178
What is the remainder when 45560 is divided by 277?
132
What is the remainder when 7205922 is divided by 4085?
4067
Calculate the remainder when 166369 is divided by 27.
22
Calculate the remainder when 307372 is divided by 102034.
1270
Calculate the remainder when 17304956 is divided by 2884158.
8
Calculate the remainder when 5678 is divided by 1662.
692
What is the remainder when 23574795 is divided by 78?
75
Calculate the remainder when 10216243 is divided by 5108059.
125
What is the remainder when 8438681 is divided by 3354?
17
Calculate the remainder when 871895 is divided by 268.
91
Calculate the remainder when 4521515 is divided by 5024.
4939
What is the remainder when 7246712 is divided by 6636?
200
What is the remainder when 691420 is divided by 115102?
808
Calculate the remainder when 488945055 is divided by 1967.
1964
Calculate the remainder when 3263395 is divided by 13106.
1
Calculate the remainder when 12846932 is divided by 131.
24
What is the remainder when 60525 is divided by 3088?
1853
What is the remainder when 183173209 is divided by 117?
115
Calculate the remainder when 19973 is divided by 272.
117
What is the remainder when 15922119 is divided by 196567?
192
Calculate the remainder when 329315 is divided by 142.
17
What is the remainder when 269344 is divided by 269009?
335
What is the remainder when 519061 is divided by 243?
13
What is the remainder when 3561534 is divided by 352?
350
What is the remainder when 19772801 is divided by 21?
20
What is the remainder when 406872 is divided by 1760?
312
What is the remainder when 623639 is divided by 46?
17
What is the remainder when 2824963 is divided by 2207?
3
Calculate the remainder when 2824635 is divided by 21.
9
What is the remainder when 2868400 is divided by 2576?
1312
Calculate the remainder when 625793 is divided by 140.
133
What is the remainder when 19095 is divided by 6296?
207
What is the remainder when 3422203 is divided by 388?
43
What is the remainder when 2178606 is divided by 16?
14
What is the remainder when 176519708 is divided by 1467?
1466
What is the remainder when 3717046 is divided by 433?
174
What is the remainder when 11075693 is divided by 4229?
4171
Calculate the remainder when 892743 is divided by 1307.
62
Calculate the remainder when 65752 is divided by 21571.
1039
Calculate the remainder when 1408017 is divided by 25.
17
Calculate the remainder when 10796129 is divided by 1492.
17
What is the remainder when 8891752 is divided by 49?
16
What is the remainder when 1682571 is divided by 84121?
151
What is the remainder when 898932 is divided by 81?
75
What is the remainde